{"id":96,"date":"2022-07-04T12:40:40","date_gmt":"2022-07-04T10:40:40","guid":{"rendered":"https:\/\/convegni.unica.it\/sig2022\/?page_id=96"},"modified":"2022-07-21T19:22:16","modified_gmt":"2022-07-21T17:22:16","slug":"iscrizione","status":"publish","type":"page","link":"https:\/\/convegni.unica.it\/sig2022\/iscrizione\/","title":{"rendered":"Iscrizione"},"content":{"rendered":"<div>\n<h1 style=\"color: #164a8e\">\u00a0Iscrizione<\/h1>\n<\/div>\n<div class=\"spacer\"><span class=\"white\">&#8230;&#8230;&#8230;&#8230;&#8230;&#8230;&#8230;&#8230;&#8230;&#8230;&#8230;&#8230;&#8230;&#8230;&#8230;&#8230;&#8230;&#8230;..<\/span><\/div>\n<div class=\"whole-row\">\n<p class=\"big\">Il termine per l\u2019iscrizione alla conferenza \u00e8 il 14 ottobre.<br \/>\nLa quota d\u2019iscrizione al convegno \u00e8 di 60 euro.<\/p>\n<p class=\"big\">Studenti e dottorandi che vogliano partecipare sono esentati dal pagamento della quota ma dovranno effettuare ugualmente l\u2019iscrizione.<\/p>\n<p class=\"big\">La quota di partecipazione alla cena sociale che si terr\u00e0 venerd\u00ec 28 ottobre \u00e8 di 60 euro.<\/p>\n<p class=\"big\">Per effettuare l\u2019iscrizione, \u00e8 necessario compilare il <strong><a href=\"https:\/\/forms.office.com\/pages\/responsepage.aspx?id=zHT6azT-V02X05f9bg7e4QW_ztAW62hHtaKoC-V7Mo9UQ044NVE5QTRKSlQ3WVhIS0RHVTRJWUgxQi4u\" target=\"_blank\" rel=\"noopener\">MODULO DI REGISTRAZIONE<\/a><\/strong>\u00a0in tutte le sue parti.<\/p>\n<p class=\"big\">I partecipanti riceveranno la fattura unitamente alle indicazioni per il pagamento (<strong>il pagamento dovr\u00e0 essere effettuato dal partecipante al convegno<\/strong>).<\/p>\n<p class=\"big\">In seguito alla compilazione del modulo di iscrizione i partecipanti saranno contattati dalla segreteria del Dipartimento e riceveranno la fattura unitamente alle indicazioni per il pagamento. Si informa che la segreteria del Dipartimento sar\u00e0 chiusa dal 1 al 31 agosto.<\/p>\n<p class=\"big\"><strong>Per informazioni scrivere all&#8217;indirizzo e-mail: <a href=\"mailto:lettere_lingue_beniculturali@unica.it\"><em>lettere_lingue_beniculturali@unica.it<\/em><\/a><\/strong><\/p>\n<\/div>\n","protected":false},"excerpt":{"rendered":"<p>\u00a0Iscrizione &#8230;&#8230;&#8230;&#8230;&#8230;&#8230;&#8230;&#8230;&#8230;&#8230;&#8230;&#8230;&#8230;&#8230;&#8230;&#8230;&#8230;&#8230;.. Il termine per l\u2019iscrizione alla conferenza \u00e8 il 14 ottobre. La quota d\u2019iscrizione al convegno \u00e8 di 60 euro. Studenti e dottorandi che vogliano partecipare sono esentati dal <a class=\"more-link\" href=\"https:\/\/convegni.unica.it\/sig2022\/iscrizione\/\">Continue Reading &amp;rarr;<\/a><\/p>\n","protected":false},"author":9361,"featured_media":208,"parent":0,"menu_order":0,"comment_status":"closed","ping_status":"closed","template":"","meta":{"footnotes":""},"class_list":["post-96","page","type-page","status-publish","has-post-thumbnail","hentry"],"_links":{"self":[{"href":"https:\/\/convegni.unica.it\/sig2022\/wp-json\/wp\/v2\/pages\/96","targetHints":{"allow":["GET"]}}],"collection":[{"href":"https:\/\/convegni.unica.it\/sig2022\/wp-json\/wp\/v2\/pages"}],"about":[{"href":"https:\/\/convegni.unica.it\/sig2022\/wp-json\/wp\/v2\/types\/page"}],"author":[{"embeddable":true,"href":"https:\/\/convegni.unica.it\/sig2022\/wp-json\/wp\/v2\/users\/9361"}],"replies":[{"embeddable":true,"href":"https:\/\/convegni.unica.it\/sig2022\/wp-json\/wp\/v2\/comments?post=96"}],"version-history":[{"count":26,"href":"https:\/\/convegni.unica.it\/sig2022\/wp-json\/wp\/v2\/pages\/96\/revisions"}],"predecessor-version":[{"id":231,"href":"https:\/\/convegni.unica.it\/sig2022\/wp-json\/wp\/v2\/pages\/96\/revisions\/231"}],"wp:featuredmedia":[{"embeddable":true,"href":"https:\/\/convegni.unica.it\/sig2022\/wp-json\/wp\/v2\/media\/208"}],"wp:attachment":[{"href":"https:\/\/convegni.unica.it\/sig2022\/wp-json\/wp\/v2\/media?parent=96"}],"curies":[{"name":"wp","href":"https:\/\/api.w.org\/{rel}","templated":true}]}}