{"id":123,"date":"2022-07-04T17:08:55","date_gmt":"2022-07-04T15:08:55","guid":{"rendered":"https:\/\/convegni.unica.it\/sig2022\/?page_id=123"},"modified":"2022-10-27T10:25:18","modified_gmt":"2022-10-27T08:25:18","slug":"poster","status":"publish","type":"page","link":"https:\/\/convegni.unica.it\/sig2022\/poster\/","title":{"rendered":"Poster"},"content":{"rendered":"<div>\n<h1 style=\"color: #164a8e\">Poster<\/h1>\n<\/div>\n<p>I poster a stampa saranno esposti per l\u2019intera durata del Convegno nell&#8217;atrio del Rettorato (via Universit\u00e0 40, palazzo Belgrano). Inoltre, il programma del Convegno comprender\u00e0 una sezione dedicata all\u2019incontro con i posteristi (venerd\u00ec 28 ottobre, ore 15.00-16.00).<\/p>\n<p class=\"whole-row\"><strong>Emanuele Bernardi<\/strong> <i>Per un\u2019analisi adeguata dell\u2019Universale<\/i><\/p>\n<p class=\"whole-row\"><strong>Laura Conte<\/strong> <i>L\u2019interfaccia sintattico-pragmatica e la codifica della modalit\u00e0 epistemica in latino arcaico<\/i><\/p>\n<p class=\"whole-row\"><strong>Bianca Floris<\/strong> <i>La terza persona plurale di \u2018essere\u2019 al presente e al futuro nell\u2019area Arborense<\/i><\/p>\n<p><strong>Federico Frau<\/strong> <i>Sulla stabilit\u00e0 interlinguistica della dimensione semantica legata all\u2019esperienza corporea: uno studio sperimentale<\/i><\/p>\n<p class=\"whole-row\"><strong>Giulia Meli<\/strong> <i>Le varianti del morfema di remoteness nel kalajdz\u030ci di Montana: tra innovazioni recenti ed eredit\u00e0 dalla proto-roman\u00ed<\/i><\/p>\n<p class=\"whole-row\"><strong>Chiara Meluzzi<\/strong> <i>Lo statuto del \u2018dato\u2019 in linguistica forense: riflessioni teoriche e prospettive interdisciplinari<\/i><\/p>\n<p class=\"whole-row\"><strong>Davide Mocci e Tiziana Pontillo<\/strong> <i>La categoria dell\u2019accordo verbale in sanscrito: un approccio a scissione<\/i><\/p>\n<p class=\"whole-row\"><strong>Nicholas Nese<\/strong> <i>Produzione e percezione di categorie fonologiche in arabo LS: uno studio acquisizionale<\/i><\/p>\n<p class=\"whole-row\"><strong>Alice Suozzi<\/strong> <i>Lo STRUMENTO: tre tipi per un\u2019unica categoria<\/i><\/p>\n<p class=\"whole-row\"><strong>Francesca Valcamonico<\/strong> <i>Categorie tempo-aspettuali in diacronia: l\u2019aoristic drift nei volgari veneti antichi<\/i><\/p>\n\n\t\t<style type=\"text\/css\">\n\t\t\t#gallery-1 {\n\t\t\t\tmargin: auto;\n\t\t\t}\n\t\t\t#gallery-1 .gallery-item {\n\t\t\t\tfloat: left;\n\t\t\t\tmargin-top: 10px;\n\t\t\t\ttext-align: center;\n\t\t\t\twidth: 33%;\n\t\t\t}\n\t\t\t#gallery-1 img {\n\t\t\t\tborder: 2px solid #cfcfcf;\n\t\t\t}\n\t\t\t#gallery-1 .gallery-caption {\n\t\t\t\tmargin-left: 0;\n\t\t\t}\n\t\t\t\/* see gallery_shortcode() in wp-includes\/media.php *\/\n\t\t<\/style>\n\t\t<div id='gallery-1' class='gallery galleryid-123 gallery-columns-3 gallery-size-large'><dl class='gallery-item'>\n\t\t\t<dt class='gallery-icon portrait'>\n\t\t\t\t<a href='https:\/\/convegni.unica.it\/sig2022\/files\/2022\/10\/Bernardi-.jpg'><img loading=\"lazy\" decoding=\"async\" width=\"724\" height=\"1024\" src=\"https:\/\/convegni.unica.it\/sig2022\/files\/2022\/10\/Bernardi-.jpg\" class=\"attachment-large size-large\" alt=\"\" aria-describedby=\"gallery-1-295\" \/><\/a>\n\t\t\t<\/dt>\n\t\t\t\t<dd class='wp-caption-text gallery-caption' id='gallery-1-295'>\n\t\t\t\tEmanuele Bernardi: Per un\u2019analisi adeguata dell\u2019Universale\n\t\t\t\t<\/dd><\/dl><dl class='gallery-item'>\n\t\t\t<dt class='gallery-icon portrait'>\n\t\t\t\t<a href='https:\/\/convegni.unica.it\/sig2022\/files\/2022\/10\/Conte-scaled.jpg'><img loading=\"lazy\" decoding=\"async\" width=\"723\" height=\"1024\" src=\"https:\/\/convegni.unica.it\/sig2022\/files\/2022\/10\/Conte-723x1024.jpg\" class=\"attachment-large size-large\" alt=\"\" aria-describedby=\"gallery-1-278\" srcset=\"https:\/\/convegni.unica.it\/sig2022\/files\/2022\/10\/Conte-723x1024.jpg 723w, https:\/\/convegni.unica.it\/sig2022\/files\/2022\/10\/Conte-212x300.jpg 212w, https:\/\/convegni.unica.it\/sig2022\/files\/2022\/10\/Conte-768x1087.jpg 768w, https:\/\/convegni.unica.it\/sig2022\/files\/2022\/10\/Conte-1085x1536.jpg 1085w, https:\/\/convegni.unica.it\/sig2022\/files\/2022\/10\/Conte-1447x2048.jpg 1447w, https:\/\/convegni.unica.it\/sig2022\/files\/2022\/10\/Conte-scaled.jpg 1809w\" sizes=\"auto, (max-width: 723px) 100vw, 723px\" \/><\/a>\n\t\t\t<\/dt>\n\t\t\t\t<dd class='wp-caption-text gallery-caption' id='gallery-1-278'>\n\t\t\t\tLaura Conte: L\u2019interfaccia sintattico-pragmatica e la codifica della modalit\u00e0 epistemica in latino arcaico\n\t\t\t\t<\/dd><\/dl><dl class='gallery-item'>\n\t\t\t<dt class='gallery-icon portrait'>\n\t\t\t\t<a href='https:\/\/convegni.unica.it\/sig2022\/files\/2022\/10\/Floris--scaled.jpg'><img loading=\"lazy\" decoding=\"async\" width=\"729\" height=\"1024\" src=\"https:\/\/convegni.unica.it\/sig2022\/files\/2022\/10\/Floris--729x1024.jpg\" class=\"attachment-large size-large\" alt=\"\" aria-describedby=\"gallery-1-294\" srcset=\"https:\/\/convegni.unica.it\/sig2022\/files\/2022\/10\/Floris--729x1024.jpg 729w, https:\/\/convegni.unica.it\/sig2022\/files\/2022\/10\/Floris--214x300.jpg 214w, https:\/\/convegni.unica.it\/sig2022\/files\/2022\/10\/Floris--768x1079.jpg 768w, https:\/\/convegni.unica.it\/sig2022\/files\/2022\/10\/Floris--1094x1536.jpg 1094w, https:\/\/convegni.unica.it\/sig2022\/files\/2022\/10\/Floris--1458x2048.jpg 1458w, https:\/\/convegni.unica.it\/sig2022\/files\/2022\/10\/Floris--scaled.jpg 1823w\" sizes=\"auto, (max-width: 729px) 100vw, 729px\" \/><\/a>\n\t\t\t<\/dt>\n\t\t\t\t<dd class='wp-caption-text gallery-caption' id='gallery-1-294'>\n\t\t\t\tBianca Floris: La terza persona plurale di \u2018essere\u2019 al presente e al futuro nell\u2019area Arborense\n\t\t\t\t<\/dd><\/dl><br style=\"clear: both\" \/><dl class='gallery-item'>\n\t\t\t<dt class='gallery-icon portrait'>\n\t\t\t\t<a href='https:\/\/convegni.unica.it\/sig2022\/files\/2022\/10\/Frau_et_al-scaled.jpg'><img loading=\"lazy\" decoding=\"async\" width=\"724\" height=\"1024\" src=\"https:\/\/convegni.unica.it\/sig2022\/files\/2022\/10\/Frau_et_al-724x1024.jpg\" class=\"attachment-large size-large\" alt=\"\" aria-describedby=\"gallery-1-279\" srcset=\"https:\/\/convegni.unica.it\/sig2022\/files\/2022\/10\/Frau_et_al-724x1024.jpg 724w, https:\/\/convegni.unica.it\/sig2022\/files\/2022\/10\/Frau_et_al-212x300.jpg 212w, https:\/\/convegni.unica.it\/sig2022\/files\/2022\/10\/Frau_et_al-768x1086.jpg 768w, https:\/\/convegni.unica.it\/sig2022\/files\/2022\/10\/Frau_et_al-1086x1536.jpg 1086w, https:\/\/convegni.unica.it\/sig2022\/files\/2022\/10\/Frau_et_al-1448x2048.jpg 1448w, https:\/\/convegni.unica.it\/sig2022\/files\/2022\/10\/Frau_et_al-scaled.jpg 1810w\" sizes=\"auto, (max-width: 724px) 100vw, 724px\" \/><\/a>\n\t\t\t<\/dt>\n\t\t\t\t<dd class='wp-caption-text gallery-caption' id='gallery-1-279'>\n\t\t\t\tFederico Frau: Sulla stabilit\u00e0 interlinguistica della dimensione semantica legata all\u2019esperienza corporea: uno studio sperimentale\n\t\t\t\t<\/dd><\/dl><dl class='gallery-item'>\n\t\t\t<dt class='gallery-icon portrait'>\n\t\t\t\t<a href='https:\/\/convegni.unica.it\/sig2022\/files\/2022\/10\/Meli-scaled.jpg'><img loading=\"lazy\" decoding=\"async\" width=\"724\" height=\"1024\" src=\"https:\/\/convegni.unica.it\/sig2022\/files\/2022\/10\/Meli-724x1024.jpg\" class=\"attachment-large size-large\" alt=\"\" aria-describedby=\"gallery-1-306\" srcset=\"https:\/\/convegni.unica.it\/sig2022\/files\/2022\/10\/Meli-724x1024.jpg 724w, https:\/\/convegni.unica.it\/sig2022\/files\/2022\/10\/Meli-212x300.jpg 212w, https:\/\/convegni.unica.it\/sig2022\/files\/2022\/10\/Meli-768x1086.jpg 768w, https:\/\/convegni.unica.it\/sig2022\/files\/2022\/10\/Meli-1087x1536.jpg 1087w, https:\/\/convegni.unica.it\/sig2022\/files\/2022\/10\/Meli-1449x2048.jpg 1449w, https:\/\/convegni.unica.it\/sig2022\/files\/2022\/10\/Meli-scaled.jpg 1811w\" sizes=\"auto, (max-width: 724px) 100vw, 724px\" \/><\/a>\n\t\t\t<\/dt>\n\t\t\t\t<dd class='wp-caption-text gallery-caption' id='gallery-1-306'>\n\t\t\t\tGiulia Meli: Le varianti del morfema di remoteness nel kalajd\u017ei di Montana: tra innovazioni recenti ed eredit\u00e0 dalla proto-roman\u00ed\n\t\t\t\t<\/dd><\/dl><dl class='gallery-item'>\n\t\t\t<dt class='gallery-icon portrait'>\n\t\t\t\t<a href='https:\/\/convegni.unica.it\/sig2022\/files\/2022\/10\/Mocci-e-Pontillo-scaled.jpg'><img loading=\"lazy\" decoding=\"async\" width=\"724\" height=\"1024\" src=\"https:\/\/convegni.unica.it\/sig2022\/files\/2022\/10\/Mocci-e-Pontillo-724x1024.jpg\" class=\"attachment-large size-large\" alt=\"\" aria-describedby=\"gallery-1-281\" srcset=\"https:\/\/convegni.unica.it\/sig2022\/files\/2022\/10\/Mocci-e-Pontillo-724x1024.jpg 724w, https:\/\/convegni.unica.it\/sig2022\/files\/2022\/10\/Mocci-e-Pontillo-212x300.jpg 212w, https:\/\/convegni.unica.it\/sig2022\/files\/2022\/10\/Mocci-e-Pontillo-768x1086.jpg 768w, https:\/\/convegni.unica.it\/sig2022\/files\/2022\/10\/Mocci-e-Pontillo-1086x1536.jpg 1086w, https:\/\/convegni.unica.it\/sig2022\/files\/2022\/10\/Mocci-e-Pontillo-1448x2048.jpg 1448w, https:\/\/convegni.unica.it\/sig2022\/files\/2022\/10\/Mocci-e-Pontillo-scaled.jpg 1810w\" sizes=\"auto, (max-width: 724px) 100vw, 724px\" \/><\/a>\n\t\t\t<\/dt>\n\t\t\t\t<dd class='wp-caption-text gallery-caption' id='gallery-1-281'>\n\t\t\t\tDavide Mocci e Tiziana Pontillo: La categoria dell\u2019accordo verbale in sanscrito: un approccio a scissione\n\t\t\t\t<\/dd><\/dl><br style=\"clear: both\" \/><dl class='gallery-item'>\n\t\t\t<dt class='gallery-icon portrait'>\n\t\t\t\t<a href='https:\/\/convegni.unica.it\/sig2022\/files\/2022\/10\/Suozzi_Cardinaletti_Lebani-scaled.jpg'><img loading=\"lazy\" decoding=\"async\" width=\"724\" height=\"1024\" src=\"https:\/\/convegni.unica.it\/sig2022\/files\/2022\/10\/Suozzi_Cardinaletti_Lebani-724x1024.jpg\" class=\"attachment-large size-large\" alt=\"\" aria-describedby=\"gallery-1-282\" srcset=\"https:\/\/convegni.unica.it\/sig2022\/files\/2022\/10\/Suozzi_Cardinaletti_Lebani-724x1024.jpg 724w, https:\/\/convegni.unica.it\/sig2022\/files\/2022\/10\/Suozzi_Cardinaletti_Lebani-212x300.jpg 212w, https:\/\/convegni.unica.it\/sig2022\/files\/2022\/10\/Suozzi_Cardinaletti_Lebani-768x1086.jpg 768w, https:\/\/convegni.unica.it\/sig2022\/files\/2022\/10\/Suozzi_Cardinaletti_Lebani-1087x1536.jpg 1087w, https:\/\/convegni.unica.it\/sig2022\/files\/2022\/10\/Suozzi_Cardinaletti_Lebani-1449x2048.jpg 1449w, https:\/\/convegni.unica.it\/sig2022\/files\/2022\/10\/Suozzi_Cardinaletti_Lebani-scaled.jpg 1811w\" sizes=\"auto, (max-width: 724px) 100vw, 724px\" \/><\/a>\n\t\t\t<\/dt>\n\t\t\t\t<dd class='wp-caption-text gallery-caption' id='gallery-1-282'>\n\t\t\t\tAlice Suozzi: Lo STRUMENTO: tre tipi per un\u2019unica categoria\n\t\t\t\t<\/dd><\/dl><dl class='gallery-item'>\n\t\t\t<dt class='gallery-icon portrait'>\n\t\t\t\t<a href='https:\/\/convegni.unica.it\/sig2022\/files\/2022\/10\/Valcamonico-scaled.jpg'><img loading=\"lazy\" decoding=\"async\" width=\"724\" height=\"1024\" src=\"https:\/\/convegni.unica.it\/sig2022\/files\/2022\/10\/Valcamonico-724x1024.jpg\" class=\"attachment-large size-large\" alt=\"\" aria-describedby=\"gallery-1-283\" srcset=\"https:\/\/convegni.unica.it\/sig2022\/files\/2022\/10\/Valcamonico-724x1024.jpg 724w, https:\/\/convegni.unica.it\/sig2022\/files\/2022\/10\/Valcamonico-212x300.jpg 212w, https:\/\/convegni.unica.it\/sig2022\/files\/2022\/10\/Valcamonico-768x1086.jpg 768w, https:\/\/convegni.unica.it\/sig2022\/files\/2022\/10\/Valcamonico-1086x1536.jpg 1086w, https:\/\/convegni.unica.it\/sig2022\/files\/2022\/10\/Valcamonico-1448x2048.jpg 1448w, https:\/\/convegni.unica.it\/sig2022\/files\/2022\/10\/Valcamonico-scaled.jpg 1810w\" sizes=\"auto, (max-width: 724px) 100vw, 724px\" \/><\/a>\n\t\t\t<\/dt>\n\t\t\t\t<dd class='wp-caption-text gallery-caption' id='gallery-1-283'>\n\t\t\t\tFrancesca Valcamonico: Categorie tempo-aspettuali in diacronia: l\u2019aoristic drift nei volgari veneti antichi\n\t\t\t\t<\/dd><\/dl>\n\t\t\t<br style='clear: both' \/>\n\t\t<\/div>\n\n<div class=\"whole-row\"><\/div>\n","protected":false},"excerpt":{"rendered":"<p>Poster I poster a stampa saranno esposti per l\u2019intera durata del Convegno nell&#8217;atrio del Rettorato (via Universit\u00e0 40, palazzo Belgrano). Inoltre, il programma del Convegno comprender\u00e0 una sezione dedicata all\u2019incontro <a class=\"more-link\" href=\"https:\/\/convegni.unica.it\/sig2022\/poster\/\">Continue Reading &amp;rarr;<\/a><\/p>\n","protected":false},"author":9361,"featured_media":206,"parent":0,"menu_order":0,"comment_status":"closed","ping_status":"closed","template":"","meta":{"footnotes":""},"class_list":["post-123","page","type-page","status-publish","has-post-thumbnail","hentry"],"_links":{"self":[{"href":"https:\/\/convegni.unica.it\/sig2022\/wp-json\/wp\/v2\/pages\/123","targetHints":{"allow":["GET"]}}],"collection":[{"href":"https:\/\/convegni.unica.it\/sig2022\/wp-json\/wp\/v2\/pages"}],"about":[{"href":"https:\/\/convegni.unica.it\/sig2022\/wp-json\/wp\/v2\/types\/page"}],"author":[{"embeddable":true,"href":"https:\/\/convegni.unica.it\/sig2022\/wp-json\/wp\/v2\/users\/9361"}],"replies":[{"embeddable":true,"href":"https:\/\/convegni.unica.it\/sig2022\/wp-json\/wp\/v2\/comments?post=123"}],"version-history":[{"count":27,"href":"https:\/\/convegni.unica.it\/sig2022\/wp-json\/wp\/v2\/pages\/123\/revisions"}],"predecessor-version":[{"id":308,"href":"https:\/\/convegni.unica.it\/sig2022\/wp-json\/wp\/v2\/pages\/123\/revisions\/308"}],"wp:featuredmedia":[{"embeddable":true,"href":"https:\/\/convegni.unica.it\/sig2022\/wp-json\/wp\/v2\/media\/206"}],"wp:attachment":[{"href":"https:\/\/convegni.unica.it\/sig2022\/wp-json\/wp\/v2\/media?parent=123"}],"curies":[{"name":"wp","href":"https:\/\/api.w.org\/{rel}","templated":true}]}}