{"id":36,"date":"2017-03-22T19:35:05","date_gmt":"2017-03-22T18:35:05","guid":{"rendered":"http:\/\/convegni.unica.it\/nanomedschool\/?page_id=36"},"modified":"2017-04-28T12:35:53","modified_gmt":"2017-04-28T10:35:53","slug":"committees","status":"publish","type":"page","link":"https:\/\/convegni.unica.it\/nanomedschool\/committees\/","title":{"rendered":"Committees"},"content":{"rendered":"<p><strong><span style=\"font-family: georgia, palatino, serif\">Scientific Committee<\/span><\/strong><\/p>\n<p><span style=\"font-family: georgia, palatino, serif\">Prof.ssa A.M. Fadda (Universit\u00e0 degli Studi di Cagliari &#8211; coordinator)<\/span><\/p>\n<p><span style=\"font-family: georgia, palatino, serif\">Prof. P. Caliceti (Universit\u00e0 degli Studi di Padova)<\/span><\/p>\n<p><span style=\"font-family: georgia, palatino, serif\">Prof.ssa M. Carafa (Universit\u00e0 di Roma La Sapienza)<\/span><\/p>\n<p><span style=\"font-family: georgia, palatino, serif\">Prof. G. De Rosa (Universit\u00e0 degli Studi di Napoli Federico II)<\/span><\/p>\n<p><span style=\"font-family: georgia, palatino, serif\">Prof. M. Fresta (Universit\u00e0 Magna Grecia di Catanzaro)<\/span><\/p>\n<p><span style=\"font-family: georgia, palatino, serif\">Prof.ssa P. Minghetti (Universit\u00e0 degli Studi di Milano)<\/span><\/p>\n<p><span style=\"font-family: georgia, palatino, serif\">Prof. G. Puglisi (Universit\u00e0 degli Studi di Catania)<\/span><\/p>\n<p><strong><span style=\"font-family: georgia, palatino, serif\">Organizing Committee<\/span><\/strong><\/p>\n<p><span style=\"font-family: 'Georgia','serif'\">Prof.ssa Anna Maria Fadda (Universit\u00e0 degli Studi di Cagliari)<\/span><\/p>\n<p><span style=\"font-family: 'Georgia','serif'\">Prof. Paolo Giunchedi\u00a0(Universit\u00e0 degli Studi di Sassari)<\/span><\/p>\n<p><span style=\"font-family: 'Georgia','serif'\">Prof.ssa Anna Maria Maccioni (Universit\u00e0 degli Studi di Cagliari)<\/span><\/p>\n<p><span style=\"font-family: 'Georgia','serif'\">Prof.ssa Elisabetta Gavini (Universit\u00e0 degli Studi di Sassari)<\/span><\/p>\n<p><span style=\"font-family: 'Georgia','serif'\">Prof.ssa Chiara Sinico (Universit\u00e0 degli Studi di Cagliari)<\/span><\/p>\n<p><span style=\"font-family: 'Georgia','serif'\">Prof.ssa Maria Manconi (Universit\u00e0 degli Studi di Cagliari)<\/span><\/p>\n<p><span style=\"font-family: 'Georgia','serif'\">Prof. Francesco Lai (Universit\u00e0 degli Studi di Cagliari) <\/span><\/p>\n<p><span style=\"font-family: 'Georgia','serif'\">Dott.ssa Donatella Valenti (Universit\u00e0 degli Studi di Cagliari)<\/span><\/p>\n","protected":false},"excerpt":{"rendered":"<p>Scientific Committee Prof.ssa A.M. Fadda (Universit\u00e0 degli Studi di Cagliari &#8211; coordinator) Prof. P. Caliceti (Universit\u00e0 degli Studi di Padova) Prof.ssa M. Carafa (Universit\u00e0 di Roma La Sapienza) Prof. G. De Rosa (Universit\u00e0 degli Studi di Napoli Federico II) Prof. M. Fresta (Universit\u00e0 Magna Grecia di Catanzaro) Prof.ssa P. Minghetti (Universit\u00e0 degli Studi di Milano) &hellip; <a href=\"https:\/\/convegni.unica.it\/nanomedschool\/committees\/\" class=\"more-link\">Continua la lettura di <span class=\"screen-reader-text\">Committees<\/span> <span class=\"meta-nav\">&rarr;<\/span><\/a><\/p>\n","protected":false},"author":3028,"featured_media":0,"parent":0,"menu_order":0,"comment_status":"closed","ping_status":"closed","template":"","meta":{"footnotes":""},"class_list":["post-36","page","type-page","status-publish","hentry"],"_links":{"self":[{"href":"https:\/\/convegni.unica.it\/nanomedschool\/wp-json\/wp\/v2\/pages\/36","targetHints":{"allow":["GET"]}}],"collection":[{"href":"https:\/\/convegni.unica.it\/nanomedschool\/wp-json\/wp\/v2\/pages"}],"about":[{"href":"https:\/\/convegni.unica.it\/nanomedschool\/wp-json\/wp\/v2\/types\/page"}],"author":[{"embeddable":true,"href":"https:\/\/convegni.unica.it\/nanomedschool\/wp-json\/wp\/v2\/users\/3028"}],"replies":[{"embeddable":true,"href":"https:\/\/convegni.unica.it\/nanomedschool\/wp-json\/wp\/v2\/comments?post=36"}],"version-history":[{"count":4,"href":"https:\/\/convegni.unica.it\/nanomedschool\/wp-json\/wp\/v2\/pages\/36\/revisions"}],"predecessor-version":[{"id":123,"href":"https:\/\/convegni.unica.it\/nanomedschool\/wp-json\/wp\/v2\/pages\/36\/revisions\/123"}],"wp:attachment":[{"href":"https:\/\/convegni.unica.it\/nanomedschool\/wp-json\/wp\/v2\/media?parent=36"}],"curies":[{"name":"wp","href":"https:\/\/api.w.org\/{rel}","templated":true}]}}